{"id":58,"date":"2017-12-22T20:35:33","date_gmt":"2017-12-22T19:35:33","guid":{"rendered":"http:\/\/js-psychologue.fr\/?page_id=58"},"modified":"2024-10-14T10:54:23","modified_gmt":"2024-10-14T08:54:23","slug":"public-accueilli","status":"publish","type":"page","link":"https:\/\/js-psychologue.fr\/?page_id=58","title":{"rendered":"Public accueilli"},"content":{"rendered":"<h1>Consultations pour enfants, adolescents, adultes<\/h1>\n<p>Je re\u00e7ois aussi bien des enfants, des adolescents que des adultes. Je suis form\u00e9e au psychotraumatisme et au Brainspotting, l&rsquo;un des outils novateurs de la prise en charge de cette probl\u00e9matique. J&rsquo;ai \u00e9galement une affinit\u00e9 avec le domaine de la p\u00e9rinatalit\u00e9, c&rsquo;est-\u00e0-dire les futurs parents ou nouveaux parents. A ce propos, je suis titulaire d&rsquo;un dipl\u00f4me universitaire de psychopathologie p\u00e9rinatale et ai co-cr\u00e9\u00e9 un module P\u00e9rinatalit\u00e9 pour l&rsquo;Association des Psychologues et des Patients Accompagn\u00e9s (APPA) dont je suis membre depuis sa cr\u00e9ation en 2020.<\/p>\n<h1>Motifs de consultation<\/h1>\n<p>Les raisons qui am\u00e8nent \u00e0 consulter un psychologue peuvent \u00eatre tr\u00e8s diff\u00e9rentes selon chacun. Toutefois, cette d\u00e9marche trouve son origine le plus souvent dans une souffrance ressentie \u00e0 un moment donn\u00e9, que ce soit au niveau individuel (\u00e9motions difficiles \u00e0 g\u00e9rer, stress, doutes sur sa propre valeur, perte de confiance en soi, histoire douloureuse dont on n&rsquo;arrive pas \u00e0 se d\u00e9gager, etc.) ou au niveau relationnel (famille, amis, travail, etc.). Certains effectuent cette d\u00e9marche \u00e9galement pour apprendre \u00e0 mieux se conna\u00eetre et \u00e0 comprendre leur fonctionnement psychique.<\/p>\n<p>Le psychologue est l\u00e0, dans un cadre strictement confidentiel, pour vous soutenir, vous aider \u00e0 traverser cette p\u00e9riode en (re)trouvant un certain \u00e9quilibre et vous aider \u00e0 reprendre confiance en vous et en les autres. Ce qui m&rsquo;anime est de pouvoir vous aider \u00e0 mieux vous comprendre, mieux vous conna\u00eetre et \u00e0 surmonter les difficult\u00e9s de la vie en vous appuyant sur vos propres ressources,\u00a0 en identifiant et en respectant vos limites. Nous avons chacun notre \u00e9tincelle de vie, cette petite lumi\u00e8re ou flamme \u00e0 l&rsquo;int\u00e9rieur de nous qui nous fait vivre et avancer. Parfois, cette petite flamme vacille ou est enfouie sous de nombreuses souffrances ou probl\u00e9matiques de vie, mais elle existe toujours. Ma mission est donc de vous aider \u00e0 la (re)trouver, \u00e0 l&rsquo;identifier ou \u00e0 la recontacter afin de reprendre le contr\u00f4le de votre vie et de poursuivre votre \u00e9volution avec le plus de s\u00e9r\u00e9nit\u00e9 et d&rsquo;\u00e9panouissement possible.<\/p>\n<p>Jacques Salom\u00e9 a dit : \u00ab\u00a0<em>Sachant que tout ce qui ne s&rsquo;exprime pas s&rsquo;imprime, il est souhaitable de favoriser l&rsquo;expression au-del\u00e0 de l&rsquo;\u00e9motion, ou du retentissement. Cette pratique permettra d&rsquo;\u00e9viter quelques somatisations, du stress et de l&rsquo;angoisse<\/em>.\u00a0\u00bb La verbalisation de sa souffrance apporte d\u00e9j\u00e0, en soi, un certain soulagement.<\/p>\n<h1>Supervision<\/h1>\n<p>Je propose \u00e9galement de la supervision aupr\u00e8s de professionnels de la protection de l&rsquo;enfance (\u00e9ducateurs sp\u00e9cialis\u00e9s, \u00e9ducatrices familiales, familles d&rsquo;accueil, etc.) ou tout autre professionnel d\u00e9sireux de b\u00e9n\u00e9ficier d&rsquo;une supervision de sa pratique professionnelle. Ayant moi-m\u00eame une exp\u00e9rience de 7 ans dans le domaine de la protection de l&rsquo;enfance, je connais le public accueilli, les probl\u00e9matiques pouvant \u00eatre rencontr\u00e9es et les enjeux institutionnels.<\/p>\n<h1>Tarifs et remboursement des consultations<\/h1>\n<p>Le tarif pour une consultation (enfant, adolescent ou adulte) est de 65 \u20ac, dans le cadre du R\u00e9seau MaxiM il est de 70 \u20ac, celui pour une s\u00e9ance de supervision est de 75 \u20ac. Chaque consultation dure environ 50 minutes.<\/p>\n<p>La s\u00e9curit\u00e9 sociale ne rembourse pas les consultations de psychologie (sauf dispositifs sp\u00e9cifiques mis en place par le gouvernement en 2022 avec certains psychologues conventionn\u00e9s, dont vous pouvez trouver la liste sur le site internet du dispositif, dont je ne fais pas partie). Toutefois certaines mutuelles peuvent prendre en charge tout ou partie des s\u00e9ances. Je vous invite donc \u00e0 vous renseigner aupr\u00e8s de votre organisme.<\/p>\n<p><img loading=\"lazy\" decoding=\"async\" class=\"alignnone wp-image-149 size-medium\" src=\"http:\/\/js-psychologue.fr\/wp-content\/uploads\/2018\/01\/20180110_093941-e1516100920402-300x217.jpg\" alt=\"\" width=\"300\" height=\"217\" srcset=\"https:\/\/js-psychologue.fr\/wp-content\/uploads\/2018\/01\/20180110_093941-e1516100920402-300x217.jpg 300w, https:\/\/js-psychologue.fr\/wp-content\/uploads\/2018\/01\/20180110_093941-e1516100920402-768x555.jpg 768w, https:\/\/js-psychologue.fr\/wp-content\/uploads\/2018\/01\/20180110_093941-e1516100920402-1024x740.jpg 1024w\" sizes=\"auto, (max-width: 300px) 100vw, 300px\" \/><\/p>\n","protected":false},"excerpt":{"rendered":"<p>Consultations pour enfants, adolescents, adultes Je re\u00e7ois aussi bien des enfants, des adolescents que des adultes. Je suis form\u00e9e au psychotraumatisme et au Brainspotting, l&rsquo;un des outils novateurs de la prise en charge de cette probl\u00e9matique. J&rsquo;ai \u00e9galement une affinit\u00e9 avec le domaine de la p\u00e9rinatalit\u00e9, c&rsquo;est-\u00e0-dire les futurs parents ou nouveaux parents. A ce &hellip; <\/p>\n<p class=\"link-more\"><a href=\"https:\/\/js-psychologue.fr\/?page_id=58\" class=\"more-link\">Continuer la lecture<span class=\"screen-reader-text\"> de &laquo;&nbsp;Public accueilli&nbsp;&raquo;<\/span><\/a><\/p>\n","protected":false},"author":1,"featured_media":0,"parent":0,"menu_order":3,"comment_status":"closed","ping_status":"closed","template":"","meta":{"footnotes":""},"class_list":["post-58","page","type-page","status-publish","hentry"],"yoast_head":"<!-- This site is optimized with the Yoast SEO plugin v20.6 - https:\/\/yoast.com\/wordpress\/plugins\/seo\/ -->\n<title>Consultations psychologue enfants, adolescents, adultes<\/title>\n<meta name=\"description\" content=\"Consultations psychologue enfants, adolescents, adultes - En cabinet \u00e0 Montpellier ou en visio - supervision - Brainspotting - p\u00e9rinatalit\u00e9 - traumatisme psychique - confidentialit\u00e9\" \/>\n<meta name=\"robots\" content=\"index, follow, max-snippet:-1, max-image-preview:large, max-video-preview:-1\" \/>\n<link rel=\"canonical\" href=\"https:\/\/js-psychologue.fr\/?page_id=58\" \/>\n<meta property=\"og:locale\" content=\"fr_FR\" \/>\n<meta property=\"og:type\" content=\"article\" \/>\n<meta property=\"og:title\" content=\"Consultations psychologue enfants, adolescents, adultes\" \/>\n<meta property=\"og:description\" content=\"Consultations psychologue enfants, adolescents, adultes - En cabinet \u00e0 Montpellier ou en visio - supervision - Brainspotting - p\u00e9rinatalit\u00e9 - traumatisme psychique - confidentialit\u00e9\" \/>\n<meta property=\"og:url\" content=\"https:\/\/js-psychologue.fr\/?page_id=58\" \/>\n<meta property=\"og:site_name\" content=\"Julie SCOUPPE, Psychologue - psychoth\u00e9rapeute \u00e0 Montpellier\" \/>\n<meta property=\"article:modified_time\" content=\"2024-10-14T08:54:23+00:00\" \/>\n<meta property=\"og:image\" content=\"http:\/\/js-psychologue.fr\/wp-content\/uploads\/2018\/01\/20180110_093941-e1516100920402-300x217.jpg\" \/>\n<meta name=\"twitter:card\" content=\"summary_large_image\" \/>\n<meta name=\"twitter:label1\" content=\"Dur\u00e9e de lecture estim\u00e9e\" \/>\n\t<meta name=\"twitter:data1\" content=\"4 minutes\" \/>\n<script type=\"application\/ld+json\" class=\"yoast-schema-graph\">{\"@context\":\"https:\/\/schema.org\",\"@graph\":[{\"@type\":\"WebPage\",\"@id\":\"https:\/\/js-psychologue.fr\/?page_id=58\",\"url\":\"https:\/\/js-psychologue.fr\/?page_id=58\",\"name\":\"Consultations psychologue enfants, adolescents, adultes\",\"isPartOf\":{\"@id\":\"https:\/\/js-psychologue.fr\/#website\"},\"datePublished\":\"2017-12-22T19:35:33+00:00\",\"dateModified\":\"2024-10-14T08:54:23+00:00\",\"description\":\"Consultations psychologue enfants, adolescents, adultes - En cabinet \u00e0 Montpellier ou en visio - supervision - Brainspotting - p\u00e9rinatalit\u00e9 - traumatisme psychique - confidentialit\u00e9\",\"breadcrumb\":{\"@id\":\"https:\/\/js-psychologue.fr\/?page_id=58#breadcrumb\"},\"inLanguage\":\"fr-FR\",\"potentialAction\":[{\"@type\":\"ReadAction\",\"target\":[\"https:\/\/js-psychologue.fr\/?page_id=58\"]}]},{\"@type\":\"BreadcrumbList\",\"@id\":\"https:\/\/js-psychologue.fr\/?page_id=58#breadcrumb\",\"itemListElement\":[{\"@type\":\"ListItem\",\"position\":1,\"name\":\"Accueil\",\"item\":\"https:\/\/js-psychologue.fr\/\"},{\"@type\":\"ListItem\",\"position\":2,\"name\":\"Public accueilli\"}]},{\"@type\":\"WebSite\",\"@id\":\"https:\/\/js-psychologue.fr\/#website\",\"url\":\"https:\/\/js-psychologue.fr\/\",\"name\":\"Julie SCOUPPE, Psychologue - psychoth\u00e9rapeute \u00e0 Montpellier\",\"description\":\"&quot;L&#039;important n&#039;est pas ce que l&#039;on a fait de nous, mais ce que nous faisons nous-m\u00eames de ce que l&#039;on a fait de nous.&quot;                            Jean-Paul Sartre\",\"publisher\":{\"@id\":\"https:\/\/js-psychologue.fr\/#\/schema\/person\/5fc3895255d5fcb3465e8411814b7ed3\"},\"potentialAction\":[{\"@type\":\"SearchAction\",\"target\":{\"@type\":\"EntryPoint\",\"urlTemplate\":\"https:\/\/js-psychologue.fr\/?s={search_term_string}\"},\"query-input\":\"required name=search_term_string\"}],\"inLanguage\":\"fr-FR\"},{\"@type\":[\"Person\",\"Organization\"],\"@id\":\"https:\/\/js-psychologue.fr\/#\/schema\/person\/5fc3895255d5fcb3465e8411814b7ed3\",\"name\":\"Julie SCOUPPE\",\"image\":{\"@type\":\"ImageObject\",\"inLanguage\":\"fr-FR\",\"@id\":\"https:\/\/js-psychologue.fr\/#\/schema\/person\/image\/\",\"url\":\"https:\/\/secure.gravatar.com\/avatar\/a9f07b4df8c8333cf0ea12e9bda09622d8fbfcd4df7271b0e9aadc791ac7ce3c?s=96&d=mm&r=g\",\"contentUrl\":\"https:\/\/secure.gravatar.com\/avatar\/a9f07b4df8c8333cf0ea12e9bda09622d8fbfcd4df7271b0e9aadc791ac7ce3c?s=96&d=mm&r=g\",\"caption\":\"Julie SCOUPPE\"},\"logo\":{\"@id\":\"https:\/\/js-psychologue.fr\/#\/schema\/person\/image\/\"}}]}<\/script>\n<!-- \/ Yoast SEO plugin. -->","yoast_head_json":{"title":"Consultations psychologue enfants, adolescents, adultes","description":"Consultations psychologue enfants, adolescents, adultes - En cabinet \u00e0 Montpellier ou en visio - supervision - Brainspotting - p\u00e9rinatalit\u00e9 - traumatisme psychique - confidentialit\u00e9","robots":{"index":"index","follow":"follow","max-snippet":"max-snippet:-1","max-image-preview":"max-image-preview:large","max-video-preview":"max-video-preview:-1"},"canonical":"https:\/\/js-psychologue.fr\/?page_id=58","og_locale":"fr_FR","og_type":"article","og_title":"Consultations psychologue enfants, adolescents, adultes","og_description":"Consultations psychologue enfants, adolescents, adultes - En cabinet \u00e0 Montpellier ou en visio - supervision - Brainspotting - p\u00e9rinatalit\u00e9 - traumatisme psychique - confidentialit\u00e9","og_url":"https:\/\/js-psychologue.fr\/?page_id=58","og_site_name":"Julie SCOUPPE, Psychologue - psychoth\u00e9rapeute \u00e0 Montpellier","article_modified_time":"2024-10-14T08:54:23+00:00","og_image":[{"url":"http:\/\/js-psychologue.fr\/wp-content\/uploads\/2018\/01\/20180110_093941-e1516100920402-300x217.jpg"}],"twitter_card":"summary_large_image","twitter_misc":{"Dur\u00e9e de lecture estim\u00e9e":"4 minutes"},"schema":{"@context":"https:\/\/schema.org","@graph":[{"@type":"WebPage","@id":"https:\/\/js-psychologue.fr\/?page_id=58","url":"https:\/\/js-psychologue.fr\/?page_id=58","name":"Consultations psychologue enfants, adolescents, adultes","isPartOf":{"@id":"https:\/\/js-psychologue.fr\/#website"},"datePublished":"2017-12-22T19:35:33+00:00","dateModified":"2024-10-14T08:54:23+00:00","description":"Consultations psychologue enfants, adolescents, adultes - En cabinet \u00e0 Montpellier ou en visio - supervision - Brainspotting - p\u00e9rinatalit\u00e9 - traumatisme psychique - confidentialit\u00e9","breadcrumb":{"@id":"https:\/\/js-psychologue.fr\/?page_id=58#breadcrumb"},"inLanguage":"fr-FR","potentialAction":[{"@type":"ReadAction","target":["https:\/\/js-psychologue.fr\/?page_id=58"]}]},{"@type":"BreadcrumbList","@id":"https:\/\/js-psychologue.fr\/?page_id=58#breadcrumb","itemListElement":[{"@type":"ListItem","position":1,"name":"Accueil","item":"https:\/\/js-psychologue.fr\/"},{"@type":"ListItem","position":2,"name":"Public accueilli"}]},{"@type":"WebSite","@id":"https:\/\/js-psychologue.fr\/#website","url":"https:\/\/js-psychologue.fr\/","name":"Julie SCOUPPE, Psychologue - psychoth\u00e9rapeute \u00e0 Montpellier","description":"&quot;L&#039;important n&#039;est pas ce que l&#039;on a fait de nous, mais ce que nous faisons nous-m\u00eames de ce que l&#039;on a fait de nous.&quot;                            Jean-Paul Sartre","publisher":{"@id":"https:\/\/js-psychologue.fr\/#\/schema\/person\/5fc3895255d5fcb3465e8411814b7ed3"},"potentialAction":[{"@type":"SearchAction","target":{"@type":"EntryPoint","urlTemplate":"https:\/\/js-psychologue.fr\/?s={search_term_string}"},"query-input":"required name=search_term_string"}],"inLanguage":"fr-FR"},{"@type":["Person","Organization"],"@id":"https:\/\/js-psychologue.fr\/#\/schema\/person\/5fc3895255d5fcb3465e8411814b7ed3","name":"Julie SCOUPPE","image":{"@type":"ImageObject","inLanguage":"fr-FR","@id":"https:\/\/js-psychologue.fr\/#\/schema\/person\/image\/","url":"https:\/\/secure.gravatar.com\/avatar\/a9f07b4df8c8333cf0ea12e9bda09622d8fbfcd4df7271b0e9aadc791ac7ce3c?s=96&d=mm&r=g","contentUrl":"https:\/\/secure.gravatar.com\/avatar\/a9f07b4df8c8333cf0ea12e9bda09622d8fbfcd4df7271b0e9aadc791ac7ce3c?s=96&d=mm&r=g","caption":"Julie SCOUPPE"},"logo":{"@id":"https:\/\/js-psychologue.fr\/#\/schema\/person\/image\/"}}]}},"_links":{"self":[{"href":"https:\/\/js-psychologue.fr\/index.php?rest_route=\/wp\/v2\/pages\/58","targetHints":{"allow":["GET"]}}],"collection":[{"href":"https:\/\/js-psychologue.fr\/index.php?rest_route=\/wp\/v2\/pages"}],"about":[{"href":"https:\/\/js-psychologue.fr\/index.php?rest_route=\/wp\/v2\/types\/page"}],"author":[{"embeddable":true,"href":"https:\/\/js-psychologue.fr\/index.php?rest_route=\/wp\/v2\/users\/1"}],"replies":[{"embeddable":true,"href":"https:\/\/js-psychologue.fr\/index.php?rest_route=%2Fwp%2Fv2%2Fcomments&post=58"}],"version-history":[{"count":41,"href":"https:\/\/js-psychologue.fr\/index.php?rest_route=\/wp\/v2\/pages\/58\/revisions"}],"predecessor-version":[{"id":502,"href":"https:\/\/js-psychologue.fr\/index.php?rest_route=\/wp\/v2\/pages\/58\/revisions\/502"}],"wp:attachment":[{"href":"https:\/\/js-psychologue.fr\/index.php?rest_route=%2Fwp%2Fv2%2Fmedia&parent=58"}],"curies":[{"name":"wp","href":"https:\/\/api.w.org\/{rel}","templated":true}]}}